{"id":410,"date":"2016-12-18T15:00:00","date_gmt":"2016-12-18T15:00:00","guid":{"rendered":"https:\/\/eskima.de\/?post_type=jetpack-portfolio&#038;p=410"},"modified":"2025-10-02T19:36:24","modified_gmt":"2025-10-02T19:36:24","slug":"landschaft-glueck","status":"publish","type":"jetpack-portfolio","link":"https:\/\/eskima.de\/?portfolio=landschaft-glueck","title":{"rendered":"Audio Microsite f\u00fcr Italien-Liebende"},"content":{"rendered":"\n<p><strong>Landschaft Gl\u00fcck &#8211; Welchen klang hat das Gl\u00fcck?<\/strong><br>Stimmen und Musik, das lebendige Rumoren einer Stadt, Stille und Ruhe, aber vor allem das Meer: die Ger\u00e4usche, die das feuchte Element im Zusammenspiel mit den verschiedenen K\u00fcstenformationen hervorbringt, sind ganz eindeutig die Hauptquelle des Gl\u00fccks f\u00fcr die Menschen, die wir in Triest, Rom, Neapel und Palermo befragt haben. Mit technisch erweiterten Ohren hat das Liquid Penguin Ensemble eine \u201eItalienische Reise\u201c unternommen, um h\u00f6rbares Gl\u00fcck zu erhaschen. Das Ensamble hat Menschen getroffen, zuf\u00e4llig oder verabredet, um sie nach ihrem Klang des Gl\u00fccks zu fragen und sich Orte zeigen oder empfehlen zu lassen, wo diese Kl\u00e4nge in ihrer Stadt zu finden sind.<br><br>Entstanden sind rund 70 Podcasts &#8211; aus den knapp 100 Stunden Aufnahmematerial &#8211; per Klick zu h\u00f6ren auf den akustischen Stadtpl\u00e4nen von Triest, Rom, Neapel und Palermo. &lt;3<\/p>\n\n\n\n<div class=\"wide-content\">\n<figure class=\"wp-block-image size-large\"><img loading=\"lazy\" decoding=\"async\" width=\"1500\" height=\"1125\" src=\"https:\/\/eskima.de\/wp-content\/uploads\/2020\/08\/glueck_ani.gif\" alt=\"\" class=\"wp-image-415\"><\/figure>\n<figure class=\"wp-block-image size-full\"><img loading=\"lazy\" decoding=\"async\" width=\"1500\" height=\"1125\" src=\"https:\/\/eskima.de\/wp-content\/uploads\/2020\/08\/ref_glueck-01.png\" alt=\"\" class=\"wp-image-421\" srcset=\"https:\/\/eskima.de\/wp-content\/uploads\/2020\/08\/ref_glueck-01.png 1500w, https:\/\/eskima.de\/wp-content\/uploads\/2020\/08\/ref_glueck-01-300x225.png 300w, https:\/\/eskima.de\/wp-content\/uploads\/2020\/08\/ref_glueck-01-1024x768.png 1024w, https:\/\/eskima.de\/wp-content\/uploads\/2020\/08\/ref_glueck-01-768x576.png 768w\" sizes=\"auto, (max-width: 1500px) 100vw, 1500px\" \/><\/figure>\n<\/div>\n\n\n\n<h3 class=\"wp-block-heading has-text-align-left\"><strong>Service<\/strong><\/h3>\n\n\n\n<ul class=\"wp-block-list\">\n<li>Web Konzeption Microsite<\/li>\n\n\n\n<li>Design und Illustration<\/li>\n\n\n\n<li>Technische Umsetzung<\/li>\n<\/ul>\n\n\n\n<p class=\"has-text-align-left\"><strong>Kunde: <\/strong>Goethe-Institut Italien <br><strong>Ko-Kreation: und K\u00fcnstlergruppe<\/strong> Liquid Penguin Ensemble<br><strong>Zeitraum:<\/strong> 2016<\/p>\n\n\n\n<p class=\"has-text-align-left\"><a href=\"https:\/\/www.goethe.de\/ins\/it\/de\/kul\/art\/glc\/glr.html\" target=\"_blank\" rel=\"noreferrer noopener\"><strong>Zur Microsite<\/strong><\/a><\/p>\n","protected":false},"excerpt":{"rendered":"<p>Landschaft Gl\u00fcck &#8211; Welchen klang hat das Gl\u00fcck?Stimmen und Musik, das lebendige Rumoren einer Stadt, Stille und Ruhe, aber vor allem das Meer: die Ger\u00e4usche, die das feuchte Element im Zusammenspiel mit den verschiedenen K\u00fcstenformationen hervorbringt, sind ganz eindeutig die Hauptquelle des Gl\u00fccks f\u00fcr die Menschen, die wir in Triest, Rom, Neapel und Palermo befragt [&hellip;]<\/p>\n","protected":false},"author":1,"featured_media":569,"comment_status":"closed","ping_status":"closed","template":"","format":"standard","meta":{"footnotes":""},"jetpack-portfolio-type":[],"jetpack-portfolio-tag":[],"class_list":["post-410","jetpack-portfolio","type-jetpack-portfolio","status-publish","format-standard","has-post-thumbnail","hentry"],"jetpack_sharing_enabled":true,"_links":{"self":[{"href":"https:\/\/eskima.de\/index.php?rest_route=\/wp\/v2\/jetpack-portfolio\/410","targetHints":{"allow":["GET"]}}],"collection":[{"href":"https:\/\/eskima.de\/index.php?rest_route=\/wp\/v2\/jetpack-portfolio"}],"about":[{"href":"https:\/\/eskima.de\/index.php?rest_route=\/wp\/v2\/types\/jetpack-portfolio"}],"author":[{"embeddable":true,"href":"https:\/\/eskima.de\/index.php?rest_route=\/wp\/v2\/users\/1"}],"replies":[{"embeddable":true,"href":"https:\/\/eskima.de\/index.php?rest_route=%2Fwp%2Fv2%2Fcomments&post=410"}],"version-history":[{"count":41,"href":"https:\/\/eskima.de\/index.php?rest_route=\/wp\/v2\/jetpack-portfolio\/410\/revisions"}],"predecessor-version":[{"id":1187,"href":"https:\/\/eskima.de\/index.php?rest_route=\/wp\/v2\/jetpack-portfolio\/410\/revisions\/1187"}],"wp:featuredmedia":[{"embeddable":true,"href":"https:\/\/eskima.de\/index.php?rest_route=\/wp\/v2\/media\/569"}],"wp:attachment":[{"href":"https:\/\/eskima.de\/index.php?rest_route=%2Fwp%2Fv2%2Fmedia&parent=410"}],"wp:term":[{"taxonomy":"jetpack-portfolio-type","embeddable":true,"href":"https:\/\/eskima.de\/index.php?rest_route=%2Fwp%2Fv2%2Fjetpack-portfolio-type&post=410"},{"taxonomy":"jetpack-portfolio-tag","embeddable":true,"href":"https:\/\/eskima.de\/index.php?rest_route=%2Fwp%2Fv2%2Fjetpack-portfolio-tag&post=410"}],"curies":[{"name":"wp","href":"https:\/\/api.w.org\/{rel}","templated":true}]}}

Audio Microsite für Italien-Liebende

<p><strong>Landschaft Glück &#8211; Welchen klang hat das Glück?</strong><br>Stimmen und Musik, das lebendige Rumoren einer Stadt, Stille und Ruhe, aber vor allem das Meer: die Geräusche, die das feuchte Element im Zusammenspiel mit den verschiedenen Küstenformationen hervorbringt, sind ganz eindeutig die Hauptquelle des Glücks für die Menschen, die wir in Triest, Rom, Neapel und Palermo befragt haben. Mit technisch erweiterten Ohren hat das Liquid Penguin Ensemble eine „Italienische Reise“ unternommen, um hörbares Glück zu erhaschen. Das Ensamble hat Menschen getroffen, zufällig oder verabredet, um sie nach ihrem Klang des Glücks zu fragen und sich Orte zeigen oder empfehlen zu lassen, wo diese Klänge in ihrer Stadt zu finden sind.<br><br>Entstanden sind rund 70 Podcasts &#8211; aus den knapp 100 Stunden Aufnahmematerial &#8211; per Klick zu hören auf den akustischen Stadtplänen von Triest, Rom, Neapel und Palermo. &lt;3</p>



<div class="wide-content">
<figure class="wp-block-image size-large"><img loading="lazy" decoding="async" width="1500" height="1125" src="https://eskima.de/wp-content/uploads/2020/08/glueck_ani.gif" alt="" class="wp-image-415"></figure>
<figure class="wp-block-image size-full"><img loading="lazy" decoding="async" width="1500" height="1125" src="https://eskima.de/wp-content/uploads/2020/08/ref_glueck-01.png" alt="" class="wp-image-421" srcset="https://eskima.de/wp-content/uploads/2020/08/ref_glueck-01.png 1500w, https://eskima.de/wp-content/uploads/2020/08/ref_glueck-01-300x225.png 300w, https://eskima.de/wp-content/uploads/2020/08/ref_glueck-01-1024x768.png 1024w, https://eskima.de/wp-content/uploads/2020/08/ref_glueck-01-768x576.png 768w" sizes="auto, (max-width: 1500px) 100vw, 1500px" /></figure>
</div>



<h3 class="wp-block-heading has-text-align-left"><strong>Service</strong></h3>



<ul class="wp-block-list">
<li>Web Konzeption Microsite</li>



<li>Design und Illustration</li>



<li>Technische Umsetzung</li>
</ul>



<p class="has-text-align-left"><strong>Kunde: </strong>Goethe-Institut Italien <br><strong>Ko-Kreation: und Künstlergruppe</strong> Liquid Penguin Ensemble<br><strong>Zeitraum:</strong> 2016</p>



<p class="has-text-align-left"><a href="https://www.goethe.de/ins/it/de/kul/art/glc/glr.html" target="_blank" rel="noreferrer noopener"><strong>Zur Microsite</strong></a></p>

<p>Landschaft Glück &#8211; Welchen klang hat das Glück?Stimmen und Musik, das lebendige Rumoren einer Stadt, Stille und Ruhe, aber vor allem das Meer: die Geräusche, die das feuchte Element im Zusammenspiel mit den verschiedenen Küstenformationen hervorbringt, sind ganz eindeutig die Hauptquelle des Glücks für die Menschen, die wir in Triest, Rom, Neapel und Palermo befragt [&hellip;]</p>
